300 - -310. What is the highest common factor of p and z?
10
Let a(w) = 46*w - 41. Let v be a(1). What is the greatest common divisor of 3455 and v?
5
Suppose 2*a - 7989 - 19615 = -4*j, 0 = -3*a - 6. Calculate the greatest common divisor of j and 2842.
406
Let t(r) = 3*r**3 + 14*r**2 - 161*r + 1. Let o be t(6). Calculate the greatest common factor of 119 and o.
17
Suppose 20 = -4*p - 0, 33 = -2*a + 3*p. Let o = -2805 + 2832. Let h = a + o. What is the greatest common divisor of 9 and h?
3
Let u be (1428/70 + -10)/((-3)/(-90)). What is the greatest common factor of u and 39?
39
Let u(i) = 5*i**3 + 141*i**2 + 376*i + 35. Let z be u(-25). What is the highest common divisor of z and 50?
5
Let z(u) = -2*u**3 + 16*u**2 + 18*u + 5. Let m be z(9). Suppose -m*w + 502 = -8. Calculate the highest common factor of 6 and w.
6
Let q = 32 + 103. Suppose 2*s - 2 = f, -2*s - s + 14 = 4*f. Suppose -s*b - 5*x = -20, 2*x - x = -2*b + 28. What is the greatest common factor of q and b?
15
Suppose -15*n = -4326 - 337 + 613. Calculate the greatest common divisor of n and 3600.
90
Suppose 0 = -3*u + 2*u - 5*z + 141, -381 = -3*u - z. Let m = -420 - -609. What is the highest common divisor of m and u?
63
Suppose -8*n + 88 = -32. Let d = n - 19. Let b(w) = -5*w**3 + 4*w**2 - 5*w + 3. Let m be b(d). What is the highest common divisor of 37 and m?
37
Suppose 4*v - 41 = 3*v + 3*w, -v + 41 = 4*w. Suppose v = 6*n - 5*n. Let b = n + -23. Calculate the highest common factor of b and 72.
18
Suppose 267 = 6*k - 387. Let b = -101 + k. Suppose 0 = 5*a + o - 365, 8*a - o - 283 = 4*a. What is the greatest common divisor of a and b?
8
Let f(h) = -2*h - 12. Let g be f(-7). Let v be 2*(-77)/g*8/(-8). Let y = 98 - v. Calculate the highest common factor of 3 and y.
3
Suppose -6 = 8*y - 10*y. Suppose 4*p = y*p + 490. Suppose -182 = -6*c + p. Calculate the greatest common factor of c and 28.
28
Suppose 40*c = -32*c + 59616. What is the greatest common factor of 16284 and c?
276
Let i be (748/(-8))/((-4)/8). Calculate the highest common divisor of i and 17.
17
Suppose -14*p = -15482 - 12676 - 12036. What is the highest common factor of 58 and p?
29
Let q = 738 + -182. Let t = q - 486. What is the greatest common factor of 90 and t?
10
Let s be 1/(-2)*0/(-2). Suppose s = -5*q + 3 + 92. Calculate the highest common factor of q and 323.
19
Suppose 8*b + 13*b = 420. Let w(f) = -30*f**3 + f**2 + f. Let q = -17 + 16. Let d be w(q). What is the highest common factor of b and d?
10
Suppose 5*f = -2*j - 287 + 7147, -f - j + 1369 = 0. What is the greatest common factor of 24 and f?
6
Let z = 266 + 37. Suppose 0 = 2*f - 3*k - z, -3*f - k + 3*k + 447 = 0. What is the greatest common factor of 42 and f?
21
Let h(y) = -281*y - 397. Let q be h(-3). Calculate the greatest common factor of 6021 and q.
223
Suppose 103*l + 40238 = -111*l + 236*l. What is the highest common divisor of l and 59?
59
Suppose 43*m + 22*m - 9307 = -162*m. What is the greatest common factor of m and 656?
41
Suppose 376 + 64 = 2*w + 3*t, -3*w - 2*t = -655. Suppose 19*p + w = 977. Calculate the highest common factor of 180 and p.
20
Let x = -24014 - -24542. Calculate the highest common factor of x and 7788.
132
Let g(k) = k**2 - 3*k + 4. Let j be g(6). Let c = -24 + j. Let q be ((-4)/12*-3)/(c/(-36)). Calculate the greatest common factor of 144 and q.
18
Let a = -411 + 3980. What is the greatest common divisor of a and 249?
83
Suppose -5*q = 3*y - 23070, -4*q + 55*y = 59*y - 18448. Calculate the highest common divisor of q and 171.
171
Suppose 886 = 31*t - 292. What is the greatest common divisor of t and 10678?
38
Suppose -2*v + 5*l = -17, -2*v - 12 = v + 5*l. Let m(g) = 21*g**3 + 2*g**2 + g - 2. Let k be m(v). Calculate the greatest common factor of 4 and k.
2
Let q be (39/(-26))/(72/(-912)). What is the greatest common factor of 2584 and q?
19
Suppose -2*x = -6, 10 = -4*f + 3*f + 4*x. Suppose 13*t + 52 = 5*p + 9*t, -f*t - 56 = -5*p. What is the greatest common divisor of p and 30?
6
Suppose 1950 = -13*v + 26*v. What is the highest common factor of v and 165?
15
Let q be (-12)/(-7) - (-6)/21. Suppose -3*r = -4*i - 4, -q*r = -i - 4 - 2. What is the greatest common factor of r and 10?
2
Suppose 2 = -5*h - 23, 3*h = -w + 680. Let g = w - 692. What is the greatest common divisor of g and 219?
3
Let u be 4/(-6) + (-1176)/(-63). Let h(s) = -3 - u + 350*s - 333*s - s**2. Let d be h(15). What is the greatest common divisor of d and 27?
9
Let l = 195 + -177. What is the greatest common divisor of l and 30?
6
Let r be 20/8 + ((-11165)/(-14))/5. What is the highest common divisor of 783 and r?
27
Suppose -1363 = -752*z + 141. What is the greatest common divisor of 7118 and z?
2
Suppose -984 + 454 = -2*j. What is the highest common divisor of j and 30?
5
Suppose 0 = -a - 5*p, 2*a - 3*p = -p. Let g be 7 + 33 + a/(-5). What is the greatest common factor of 440 and g?
40
Let h(m) = 10*m - 22. Let n be h(9). Let w = n + -68. Let o be (-8)/(-2) - (-41 + w). What is the highest common factor of o and 9?
9
Let h = 5 - 17. Let w(u) = -u**3 + 12*u**2 - u + 11. Let t be w(12). Let q be h*8/6*t. What is the highest common divisor of q and 80?
16
Let a be (-1)/2*(-8 + 8). Suppose a = -o + 497 + 413. Suppose 6*p + p = o. What is the highest common divisor of p and 26?
26
Let u(a) = -a**2 + 26*a - 2. Let x be u(26). Let s(y) = 31*y**2 - 6*y - 12. Let o be s(x). What is the greatest common factor of 31 and o?
31
Let b be (15/9 - 4)/(1/(-252)). Suppose -51*g = -44*g - b. What is the highest common factor of g and 48?
12
Suppose -2*m - 116 = -l, 33 = -l - m + 140. Let a = 243 - 214. Suppose 2*z = -5*c + a, -z + 19 = -0*c + c. What is the greatest common divisor of z and l?
22
Let i = 112 + -48. Suppose 0*q = 2*q - i. Let o = 1659 - 1499. What is the highest common factor of o and q?
32
Let a = 94 + -88. Let x = -8 - -19. Suppose -3*s + 74 = x. What is the highest common divisor of s and a?
3
Let k = -6146 + 6850. Calculate the highest common factor of 66 and k.
22
Let m = 11880 - 11222. Calculate the highest common factor of 343 and m.
7
Let k = 4072 - -2103. Calculate the greatest common divisor of 130 and k.
65
Let h(y) = 78*y + 9. Let t be h(-1). Let v be (-10)/4 + (-5)/(10/t). What is the highest common divisor of 288 and v?
32
Let b be ((-3)/(-9))/((-1)/(-21)). Let x = -84 - -103. Suppose -x*n = -20*n + 63. Calculate the greatest common divisor of n and b.
7
Let o(b) = 18*b + 2. Let k be o(4). Let h = 35 - 22. Let u(m) = -m**2 - m + 293. Let r be u(h). What is the greatest common factor of k and r?
37
Let b be (-6 + -6)/((-4)/34). Let w = 9083 - 9015. What is the greatest common factor of w and b?
34
Suppose -j - 3*l = -5*j + 937, -3*j + 708 = 3*l. Let w = j + -193. What is the greatest common factor of 112 and w?
14
Let h(a) = a**2 - 7*a - 905. Let p be h(39). Calculate the highest common divisor of 2891 and p.
49
Suppose -4*c = 14 - 38. Let k(m) = m**2 - m + 6. Let x be k(c). Suppose -6*l + 4*l + 111 = -57. Calculate the highest common factor of x and l.
12
Let x = -659 + 767. Calculate the highest common divisor of x and 1332.
36
Let b(m) = -2*m**2 + 35*m - 34. Suppose -2*u - 15 - 7 = -2*a, -2*u = -4*a + 46. Let n be b(a). Calculate the greatest common factor of 245 and n.
49
Let k be 51 - (6 + -2 - (-4 + 7)). Suppose k = -3*u + 4*u. Let s = u - 32. What is the highest common factor of 27 and s?
9
Let a be (-3)/9*(-91341)/153. Calculate the highest common divisor of a and 16.
1
Suppose 1755 = 2300*u - 2295*u. What is the highest common factor of u and 104?
13
Suppose -5*u + 955 = 4*t + t, -3*u + t = -561. Let f = -121079 + 121126. What is the greatest common divisor of u and f?
47
Suppose -156*u = -147*u - 990. Calculate the greatest common factor of u and 8.
2
Let r be ((20/5)/((-24)/(-393)))/(3/354). Calculate the greatest common divisor of 131 and r.
131
Suppose -6*h = 4*l - 3*h - 4425, -4*l + 4424 = 4*h. Calculate the greatest common divisor of 82 and l.
41
Let j be (1 - -45)/((-124)/(-1302)). What is the greatest common divisor of j and 154?
7
Let t(c) = c**3 + 42*c**2 - 455*c - 26. Let q be t(9). Suppose -3*l + 5 + 1 = 0. What is the greatest common factor of l and q?
2
Let j = -2508 + 1572. Let z be (j/91)/((-6)/28). Suppose -4*c + 20 + 4 = 0